by 2358.
2318
What is the remainder when 41121422 is divided by 648?
638
Calculate the remainder when 531087 is divided by 35401.
72
What is the remainder when 19947087 is divided by 241?
240
Calculate the remainder when 5046 is divided by 358.
34
Calculate the remainder when 24921374 is divided by 196231.
37
Calculate the remainder when 7089544 is divided by 205.
29
What is the remainder when 3970687 is divided by 43?
24
What is the remainder when 4065597 is divided by 275?
272
Calculate the remainder when 830708 is divided by 983.
73
Calculate the remainder when 70585631 is divided by 7072.
7071
Calculate the remainder when 111679 is divided by 27282.
2551
What is the remainder when 1968321 is divided by 4050?
21
Calculate the remainder when 170735 is divided by 249.
170
Calculate the remainder when 20106125 is divided by 3009.
2996
Calculate the remainder when 13108227 is divided by 12.
3
What is the remainder when 5921960 is divided by 191030?
30
What is the remainder when 401674298 is divided by 32?
26
What is the remainder when 14231 is divided by 415?
121
Calculate the remainder when 4583399 is divided by 65477.
9
Calculate the remainder when 16995582 is divided by 1413.
18
Calculate the remainder when 643275 is divided by 5406.
5367
What is the remainder when 2683351 is divided by 99?
55
Calculate the remainder when 11351516 is divided by 3325.
3291
Calculate the remainder when 1233689 is divided by 1154.
63
Calculate the remainder when 534898 is divided by 1917.
55
What is the remainder when 933136 is divided by 1236?
1192
Calculate the remainder when 211527 is divided by 43.
10
What is the remainder when 391117 is divided by 20503?
1560
What is the remainder when 2430325 is divided by 3202?
7
What is the remainder when 105739 is divided by 209?
194
Calculate the remainder when 1107393 is divided by 75.
18
Calculate the remainder when 57367064 is divided by 10.
4
Calculate the remainder when 2664544 is divided by 2664373.
171
What is the remainder when 127159364 is divided by 42386449?
17
Calculate the remainder when 5154930 is divided by 1618.
1600
What is the remainder when 8360913 is divided by 2121?
2052
Calculate the remainder when 127262228 is divided by 53494.
2
Calculate the remainder when 536273 is divided by 1286.
11
Calculate the remainder when 306902 is divided by 845.
167
Calculate the remainder when 582371 is divided by 463.
380
Calculate the remainder when 35396 is divided by 8763.
344
Calculate the remainder when 34227541 is divided by 17113769.
3
Calculate the remainder when 18656102 is divided by 35.
17
Calculate the remainder when 4944034 is divided by 1236.
34
Calculate the remainder when 556185 is divided by 18411.
3855
Calculate the remainder when 35670740 is divided by 8.
4
What is the remainder when 3386737 is divided by 4176?
1
Calculate the remainder when 1339867 is divided by 533.
438
Calculate the remainder when 19818401 is divided by 3963680.
1
What is the remainder when 5443361 is divided by 777623?
0
Calculate the remainder when 68438906 is divided by 9836.
18
Calculate the remainder when 18646 is divided by 1856.
86
Calculate the remainder when 120782 is divided by 60184.
414
What is the remainder when 22007 is divided by 1002?
965
What is the remainder when 840546 is divided by 36544?
34
Calculate the remainder when 29380072 is divided by 14.
8
Calculate the remainder when 198803321 is divided by 75.
71
What is the remainder when 16657 is divided by 16504?
153
What is the remainder when 92746420 is divided by 18?
16
Calculate the remainder when 2780702 is divided by 16.
14
Calculate the remainder when 4312680 is divided by 146.
132
What is the remainder when 394608 is divided by 131451?
255
What is the remainder when 294336 is divided by 998?
924
Calculate the remainder when 3220860 is divided by 44.
16
Calculate the remainder when 1596776 is divided by 1119.
1082
What is the remainder when 99259 is divided by 5903?
4811
What is the remainder when 213335 is divided by 811?
42
Calculate the remainder when 256485 is divided by 703.
593
What is the remainder when 417349 is divided by 58?
39
What is the remainder when 3004865 is divided by 1001531?
272
Calculate the remainder when 2916227 is divided by 324025.
2
Calculate the remainder when 3968094 is divided by 793508.
554
What is the remainder when 2766472 is divided by 395205?
37
What is the remainder when 57161558 is divided by 1020742?
6
Calculate the remainder when 4312487 is divided by 341.
201
Calculate the remainder when 89868 is divided by 89865.
3
Calculate the remainder when 2469337 is divided by 2363.
2
Calculate the remainder when 413605 is divided by 7811.
7433
What is the remainder when 11083 is divided by 6481?
4602
What is the remainder when 25767 is divided by 2601?
2358
What is the remainder when 180439 is divided by 1025?
39
What is the remainder when 296016 is divided by 316?
240
What is the remainder when 76043 is divided by 517?
44
What is the remainder when 13680321 is divided by 12096?
11841
What is the remainder when 718465 is divided by 2?
1
What is the remainder when 24598917 is divided by 182?
161
Calculate the remainder when 3683 is divided by 3391.
292
Calculate the remainder when 52561 is divided by 4338.
505
What is the remainder when 11083958 is divided by 5541979?
0
What is the remainder when 2249356 is divided by 4105?
3921
What is the remainder when 2670506 is divided by 203?
41
Calculate the remainder when 738197989 is divided by 742.
739
Calculate the remainder when 2817544 is divided by 216734.
2
Calculate the remainder when 66931677 is divided by 380.
377
What is the remainder when 2743020 is divided by 6096?
5916
Calculate the remainder when 10808562 is divided by 2551.
2526
What is the remainder when 7324 is divided by 1254?
1054
What is the remainder when 2093716 is divided by 71?
68
What is the remainder when 64365 is divided by 287?
77
Calculate the remainder when 242194 is divided by 30246.
226
What is the remainder when 1956922 is divided by 652302?
16
Calculate the remainder when 23696176 is divided by 1014.
10
Calculate the remainder when 13932539 is divided by 633297.
5
What is the remainder when 11652051 is divided by 217?
19
Calculate the remainder when 467200185 is divided by 119.
116
What is the remainder when 7072393 is divided by 165?
163
Calculate the remainder when 78434 is divided by 38916.
602
What is the remainder when 617065 is divided by 107?
103
What is the remainder when 32533 is divided by 31755?
778
What is the remainder when 710877 is divided by 37?
33
Calculate the remainder when 5496271 is divided by 5496201.
70
What is the remainder when 9195982 is divided by 173?
167
Calculate the remainder when 1378828 is divided by 1378439.
389
What is the remainder when 892176 is divided by 1071?
33
Calculate the remainder when 192251 is divided by 13.
7
What is the remainder when 76896 is divided by 17660?
6256
What is the remainder when 9919266 is divided by 58007?
69
What is the remainder when 10383813 is divided by 3308?
1
What is the remainder when 75184 is divided by 5837?
5140
What is the remainder when 44967 is divided by 833?
818
What is the remainder when 2045910 is divided by 554?
542
What is the remainder when 2245740 is divided by 386?
378
Calculate the remainder when 688845 is divided by 39.
27
What is the remainder when 8985968 is divided by 78?
56
Calculate the remainder when 2118711678 is divided by 9838.
9836
What is the remainder when 287999 is divided by 95489?
1532
What is the remainder when 341079764 is divided by 7797?
7796
What is the remainder when 1912099 is divided by 36?
31
Calculate the remainder when 18003439 is divided by 693.
685
Calculate the remainder when 44120 is divided by 1215.
380
Calculate the remainder when 3303696061 is divided by 1436.
1433
Calculate the remainder when 33809 is divided by 435.
314
What is the remainder when 655939 is divided by 163762?
891
Calculate the remainder when 648378 is divided by 170.
168
Calculate the remainder when 2794090 is divided by 2294.
2292
What is the remainder when 364790 is divided by 1317?
1298
What is the remainder when 1448770 is divided by 21951?
4
What is the remainder when 147607577 is divided by 6834?
11
W